{"id":550,"date":"2008-05-28T18:11:41","date_gmt":"2008-05-28T16:11:41","guid":{"rendered":"http:\/\/www.fxbodin.com\/iboga\/?page_id=550"},"modified":"2008-05-28T18:11:41","modified_gmt":"2008-05-28T16:11:41","slug":"agenda","status":"publish","type":"page","link":"https:\/\/www.fxbodin.com\/iboga\/agenda","title":{"rendered":"Agenda"},"content":{"rendered":"<p>L&rsquo;agenda public de l&rsquo;Iboga : sorties pr\u00e9vues, participations programm\u00e9es aux rencontres des Jou\u00ebts 680 et autres r\u00e9gates, plus les \u00e9v\u00e9nements bassinistiques dignes d&rsquo;int\u00e9r\u00eats dans la th\u00e9matique \u00ab\u00a0voile, plaisir et art de vivre sur le Bassin d&rsquo;Arcachon\u00a0\u00bb et localis\u00e9s \u00e0 La-Teste-de-Buch, Arcachon, le Pyla, Cap-Ferret, Arguin, Toulinguet, Bernet, le Mimbeau, la Vigne, Claouey, l&rsquo;\u00eele aux oiseaux, etc.<\/p>\n<p><iframe loading=\"lazy\" src=\"https:\/\/www.google.com\/calendar\/embed?showTitle=0&amp;showPrint=0&amp;showTabs=0&amp;showCalendars=0&amp;showTz=0&amp;height=400&amp;wkst=2&amp;bgcolor=%23ffffff&amp;src=pb9qhlolci5rai7giji8f67ul4%40group.calendar.google.com&amp;color=%23B1365F&amp;ctz=Europe%2FParis\" style=\" border-width:0 \" width=\"640\" height=\"400\" frameborder=\"0\" scrolling=\"no\"><\/iframe><\/p>\n","protected":false},"excerpt":{"rendered":"<p>L&rsquo;agenda public de l&rsquo;Iboga : sorties pr\u00e9vues, participations programm\u00e9es aux rencontres des Jou\u00ebts 680 et autres r\u00e9gates, plus les \u00e9v\u00e9nements bassinistiques dignes d&rsquo;int\u00e9r\u00eats dans la th\u00e9matique \u00ab\u00a0voile, plaisir et art de vivre sur le Bassin d&rsquo;Arcachon\u00a0\u00bb et localis\u00e9s \u00e0 La-Teste-de-Buch, Arcachon, le Pyla, Cap-Ferret, Arguin, Toulinguet, Bernet, le Mimbeau, la Vigne, Claouey, l&rsquo;\u00eele aux oiseaux, [&hellip;]<\/p>\n","protected":false},"author":1,"featured_media":0,"parent":0,"menu_order":1,"comment_status":"closed","ping_status":"closed","template":"page-sans-sidebar.php","meta":{"footnotes":""},"class_list":["post-550","page","type-page","status-publish","hentry"],"_links":{"self":[{"href":"https:\/\/www.fxbodin.com\/iboga\/wp-json\/wp\/v2\/pages\/550","targetHints":{"allow":["GET"]}}],"collection":[{"href":"https:\/\/www.fxbodin.com\/iboga\/wp-json\/wp\/v2\/pages"}],"about":[{"href":"https:\/\/www.fxbodin.com\/iboga\/wp-json\/wp\/v2\/types\/page"}],"author":[{"embeddable":true,"href":"https:\/\/www.fxbodin.com\/iboga\/wp-json\/wp\/v2\/users\/1"}],"replies":[{"embeddable":true,"href":"https:\/\/www.fxbodin.com\/iboga\/wp-json\/wp\/v2\/comments?post=550"}],"version-history":[{"count":0,"href":"https:\/\/www.fxbodin.com\/iboga\/wp-json\/wp\/v2\/pages\/550\/revisions"}],"wp:attachment":[{"href":"https:\/\/www.fxbodin.com\/iboga\/wp-json\/wp\/v2\/media?parent=550"}],"curies":[{"name":"wp","href":"https:\/\/api.w.org\/{rel}","templated":true}]}}