{"id":491,"date":"2007-09-24T15:58:24","date_gmt":"2007-09-24T13:58:24","guid":{"rendered":"http:\/\/www.fxbodin.com\/iboga\/documents\/essai-nos-lecteurs-jugent-leur-bateau"},"modified":"2020-05-01T16:19:45","modified_gmt":"2020-05-01T15:19:45","slug":"essai-nos-lecteurs-jugent-leur-bateau","status":"publish","type":"page","link":"https:\/\/www.fxbodin.com\/iboga\/documents\/essai-nos-lecteurs-jugent-leur-bateau","title":{"rendered":"Essai : nos lecteurs jugent leur bateau"},"content":{"rendered":"<p><em>Lanc\u00e9 en 1978 par le chantier Yachting France, le Jou\u00ebt 680 approche aujourd&rsquo;hui le cap des 500 exemplaires. Une belle performance pour un bateau de conception ambitieuse.<\/em><\/p>\n<p>Ambitieuse, car Jean Berret a d\u00e9lib\u00e9r\u00e9ment rompu avec la tradition qui voulait que le d\u00e9riveur lest\u00e9 de croisi\u00e8re soit dot\u00e9 d&rsquo;un lest ext\u00e9rieur. \u00ab Appendice n\u00e9faste pour la vitesse \u00bb, selon l&rsquo;architecte de ce Jou\u00ebt, qui entendait, en effet, associer la v\u00e9locit\u00e9 \u00e0 son programme de croisi\u00e8re.<\/p>\n<div id=\"attachment_493\" style=\"width: 717px\" class=\"wp-caption aligncenter\"><a href=\"https:\/\/www.fxbodin.com\/iboga\/files\/nos-lecteurs-iugent-leur-bateau.pdf\"><img loading=\"lazy\" decoding=\"async\" aria-describedby=\"caption-attachment-493\" src=\"https:\/\/www.fxbodin.com\/iboga\/files\/nos-lecteurs-iugent-leur-bateau-707x1024.jpg\" alt=\"Article revue Bateaux n\u00b0 311, avril 1984\" width=\"707\" height=\"1024\" class=\"size-large wp-image-493\" srcset=\"https:\/\/www.fxbodin.com\/iboga\/files\/nos-lecteurs-iugent-leur-bateau-707x1024.jpg 707w, https:\/\/www.fxbodin.com\/iboga\/files\/nos-lecteurs-iugent-leur-bateau-207x300.jpg 207w, https:\/\/www.fxbodin.com\/iboga\/files\/nos-lecteurs-iugent-leur-bateau.jpg 902w\" sizes=\"auto, (max-width: 707px) 100vw, 707px\" \/><\/a><p id=\"caption-attachment-493\" class=\"wp-caption-text\">Article revue Bateaux n\u00b0 311, avril 1984<br \/>Cliquez pour le texte int\u00e9gral de l\u2019article (.pdf)<\/p><\/div>\n<p>Lire le <a href='https:\/\/www.fxbodin.com\/iboga\/files\/nos-lecteurs-iugent-leur-bateau.pdf' title='Texte int\u00e9gral de l\u2019article (.pdf)'>texte int\u00e9gral de l\u2019article (.pdf)<\/a><\/p>\n","protected":false},"excerpt":{"rendered":"<p>Lanc\u00e9 en 1978 par le chantier Yachting France, le Jou\u00ebt 680 approche aujourd&rsquo;hui le cap des 500 exemplaires. Une belle performance pour un bateau de conception ambitieuse. Ambitieuse, car Jean Berret a d\u00e9lib\u00e9r\u00e9ment rompu avec la tradition qui voulait que le d\u00e9riveur lest\u00e9 de croisi\u00e8re soit dot\u00e9 d&rsquo;un lest ext\u00e9rieur. \u00ab Appendice n\u00e9faste pour la [&hellip;]<\/p>\n","protected":false},"author":1,"featured_media":0,"parent":455,"menu_order":0,"comment_status":"open","ping_status":"open","template":"","meta":{"footnotes":""},"class_list":["post-491","page","type-page","status-publish","hentry"],"_links":{"self":[{"href":"https:\/\/www.fxbodin.com\/iboga\/wp-json\/wp\/v2\/pages\/491","targetHints":{"allow":["GET"]}}],"collection":[{"href":"https:\/\/www.fxbodin.com\/iboga\/wp-json\/wp\/v2\/pages"}],"about":[{"href":"https:\/\/www.fxbodin.com\/iboga\/wp-json\/wp\/v2\/types\/page"}],"author":[{"embeddable":true,"href":"https:\/\/www.fxbodin.com\/iboga\/wp-json\/wp\/v2\/users\/1"}],"replies":[{"embeddable":true,"href":"https:\/\/www.fxbodin.com\/iboga\/wp-json\/wp\/v2\/comments?post=491"}],"version-history":[{"count":0,"href":"https:\/\/www.fxbodin.com\/iboga\/wp-json\/wp\/v2\/pages\/491\/revisions"}],"up":[{"embeddable":true,"href":"https:\/\/www.fxbodin.com\/iboga\/wp-json\/wp\/v2\/pages\/455"}],"wp:attachment":[{"href":"https:\/\/www.fxbodin.com\/iboga\/wp-json\/wp\/v2\/media?parent=491"}],"curies":[{"name":"wp","href":"https:\/\/api.w.org\/{rel}","templated":true}]}}