{"id":426,"date":"2007-06-06T22:52:16","date_gmt":"2007-06-06T21:52:16","guid":{"rendered":"http:\/\/www.fxbodin.com\/iboga\/liens"},"modified":"2013-05-01T00:56:55","modified_gmt":"2013-04-30T23:56:55","slug":"liens","status":"publish","type":"page","link":"https:\/\/www.fxbodin.com\/iboga\/liens","title":{"rendered":"Liens"},"content":{"rendered":"<p>Pas de courant dans le nez, pas de p\u00e9tole, pas de fort-coup-de-vent, pas de mar\u00e9e&#8230; sur le web nautique, bassinistique et l&rsquo;univers des amis de l&rsquo;Iboga en ligne, en droite ligne, sans louvoyer, cliquez pour d\u00e9couvrir, pour parcourir, vous informer, obtenir de pr\u00e9cieuse informations. Voici, les liens des Chroniques de l&rsquo;Iboga.<\/p>\n<p>Si vous pensez que je devrais faire un lien vers votre site, faites-moi <a href=\"mailto:&#038;#105&#038;#098&#038;#111&#038;#103&#038;#097&#038;#048&#038;#057&#038;#064&#038;#108&#038;#097&#038;#112&#038;#111&#038;#115&#038;#116&#038;#101&#038;#046&#038;#110&#038;#101&#038;#116?subject=[lien]\">un petit mail<\/a> en m&rsquo;expliquant pourquoi.<\/p>\n<p>Il existe aussi une <a href=\"https:\/\/www.fxbodin.com\/iboga\/bassin-arcachon\/lynx\">section Lynx<\/a> (liens), vestige des 1e g\u00e9n\u00e9rations de ce v\u00e9n\u00e9rable blog.<\/p>\n","protected":false},"excerpt":{"rendered":"<p>Pas de courant dans le nez, pas de p\u00e9tole, pas de fort-coup-de-vent, pas de mar\u00e9e&#8230; sur le web nautique, bassinistique et l&rsquo;univers des amis de l&rsquo;Iboga en ligne, en droite ligne, sans louvoyer, cliquez pour d\u00e9couvrir, pour parcourir, vous informer, obtenir de pr\u00e9cieuse informations. Voici, les liens des Chroniques de l&rsquo;Iboga. Si vous pensez que [&hellip;]<\/p>\n","protected":false},"author":1,"featured_media":0,"parent":0,"menu_order":7,"comment_status":"closed","ping_status":"closed","template":"liens.php","meta":{"footnotes":""},"class_list":["post-426","page","type-page","status-publish","hentry"],"_links":{"self":[{"href":"https:\/\/www.fxbodin.com\/iboga\/wp-json\/wp\/v2\/pages\/426","targetHints":{"allow":["GET"]}}],"collection":[{"href":"https:\/\/www.fxbodin.com\/iboga\/wp-json\/wp\/v2\/pages"}],"about":[{"href":"https:\/\/www.fxbodin.com\/iboga\/wp-json\/wp\/v2\/types\/page"}],"author":[{"embeddable":true,"href":"https:\/\/www.fxbodin.com\/iboga\/wp-json\/wp\/v2\/users\/1"}],"replies":[{"embeddable":true,"href":"https:\/\/www.fxbodin.com\/iboga\/wp-json\/wp\/v2\/comments?post=426"}],"version-history":[{"count":0,"href":"https:\/\/www.fxbodin.com\/iboga\/wp-json\/wp\/v2\/pages\/426\/revisions"}],"wp:attachment":[{"href":"https:\/\/www.fxbodin.com\/iboga\/wp-json\/wp\/v2\/media?parent=426"}],"curies":[{"name":"wp","href":"https:\/\/api.w.org\/{rel}","templated":true}]}}